 the highest common factor of j and 35?
5
Let r = 355 + -146. Suppose 5*g = h + r, 5*h = h + 4. Calculate the highest common factor of 28 and g.
14
Let d = -13 - -16. Suppose d*u + 30 = 6*u. Calculate the greatest common factor of 20 and u.
10
Suppose 0 = -9*b + b + 576. What is the highest common factor of b and 8?
8
Let y(z) = 2*z + 6. Let q be y(-5). Let u be 24/9 - q/12. What is the greatest common divisor of u and 3?
3
Suppose -6*n + n - 55 = 0. Suppose 0 = d + 5*b - 4, 2*b = -3*d - 2*d + 112. Let a = n + d. Calculate the highest common divisor of 13 and a.
13
Suppose -3 = -5*g + 4*g. Suppose g*z - 1 = 2. What is the highest common divisor of z and 7?
1
Suppose -6*p = -p - 400. Calculate the highest common factor of p and 32.
16
Let o(j) = -j**2 - 22*j + 28. Let i be o(-23). What is the greatest common divisor of 35 and i?
5
Suppose -3*k - 4*u + 80 = -k, 4*u + 52 = k. Suppose -4*v = -0*w - 4*w - 36, 0 = 5*v - 2*w - 30. Calculate the greatest common factor of v and k.
4
Suppose v - 8 = -4*p - p, 4 = 4*p. Suppose 581 = 4*s + 5*j, -j + 721 = 8*s - v*s. What is the greatest common factor of s and 18?
18
Let i(o) = -33*o**3 + o**2 - 1. Let d be i(-1). Let g = -24 + 35. What is the greatest common factor of d and g?
11
Let v(t) = -t**2 - t + 24. Suppose 3*q - 2*q - 2 = 0. Suppose -k = q*k. Let l be v(k). Calculate the highest common factor of l and 8.
8
Let p be 2/4 - (-119)/2. What is the highest common factor of p and 40?
20
Let r be (-138)/(-3) - (-5)/5. What is the greatest common factor of r and 235?
47
Let l be 2 - 2 - (0 + -3). Let c be (l/(-5))/(2/(-10)). Let r(f) = -f**3 + 6*f**2 - 3. Let j be r(c). What is the greatest common factor of 16 and j?
8
Let s be (-60)/(-27) + (-2)/9. Suppose s*m - 3 = 1. Suppose 20 = -4*w, m*v = -0*v - 3*w + 51. What is the highest common factor of v and 11?
11
Let r(z) = -5*z**3 + z**2 + 2*z + 2. Suppose -u - u = 5*o + 12, 3*o + 11 = -5*u. Let m be r(o). Calculate the greatest common divisor of 28 and m.
14
Let h(f) = 0*f**2 - 4 - 5*f - f**2 + 2*f. Let r be h(-4). Let q(t) = -t**3 - 6*t**2 + 4*t + 8. Let u be q(r). Calculate the greatest common divisor of 13 and u.
13
Suppose -4*g = 11 + 9, z + g = -4. What is the greatest common factor of 1 and z?
1
Let z(p) = p**2 - p - 2. Let r be z(-2). Suppose -29 + 11 = -3*w. What is the greatest common divisor of w and r?
2
Suppose 0 = 6*s - 5*s - 17. Suppose -4*h - h + 56 = 3*t, -2*h - 3*t + s = 0. Let p = h + -6. What is the greatest common divisor of p and 7?
7
Let w = 3 + 0. Suppose x - 2*x = -3. Suppose -x*c = -5*q - 10, -c - w*q + 2 = -6. What is the highest common divisor of 10 and c?
5
Let b(v) = v**3 + 3*v**2 - 6*v - 6. Suppose 8 + 0 = -2*m. Let s be b(m). Suppose -s*d + 38 + 16 = 0. Calculate the greatest common divisor of d and 108.
27
Let l = 607 + -425. What is the greatest common divisor of l and 14?
14
Let l = 6 + -1. Let j = 2 - -2. Suppose 0 = j*w - l*w + 21. Calculate the greatest common divisor of 3 and w.
3
Suppose -3*c = -2*o - 22 + 77, 3*c = -2*o + 25. Let a(p) = -50*p. Let b be a(-2). What is the greatest common factor of o and b?
20
Suppose 0 = -c + 12 - 4. Suppose 0 = 8*u - 6*u. Suppose 0 = -u*g + g - c. Calculate the greatest common factor of g and 16.
8
Let v(x) be the first derivative of -x**4/4 + 7*x**3/3 + 5*x**2 - 12*x - 4. Let j be v(8). What is the highest common factor of 6 and j?
2
Suppose 1 = k - 5*o, 5*k + 3*o = -o + 63. Let d(z) = -z**3 + 14*z**2 + 16*z - 4. Let l be d(15). Calculate the greatest common divisor of k and l.
11
Let j be (9 - 12)/(1/1). Let g be 1 - (j + 1 + -9). What is the greatest common factor of 48 and g?
12
Suppose -3*t + 753 - 123 = 3*a, -4*a = 0. Calculate the highest common factor of t and 30.
30
Let t = -82 - -110. Calculate the highest common factor of t and 70.
14
Let f be 27/(-6) - (-6)/(-4). Let t = f - -25. Calculate the highest common divisor of 171 and t.
19
Suppose -14 = -g + 2*g. Let h be 24/(-2 + g/(-4)). Suppose -4*o = -1 - 7, c - 48 = -4*o. What is the greatest common divisor of h and c?
8
Let y(j) = 5*j**2 - j + 2. Let x be y(-1). Calculate the greatest common divisor of 56 and x.
8
Let s be 138/9 + (-4)/12. Suppose 0*b = -b + s. What is the highest common divisor of b and 15?
15
Let x be (56/6)/7 + (-2)/(-3). Calculate the greatest common factor of x and 18.
2
Let t be (-7)/2*-2 + -3. Let s = t - -6. What is the greatest common factor of s and 25?
5
Let k be 2/(-3)*(-15)/2. Let d(f) = f**2 - 4*f - 2. Let p be d(k). Calculate the highest common divisor of p and 33.
3
Let s(i) = 5*i**2 + 3*i + 2. Suppose 5 = -4*h - 7. Let v be s(h). Let q be (-515)/(-9) + 6/(-27). What is the greatest common divisor of q and v?
19
Suppose o - 2*b = b - 5, 4*o - 25 = -3*b. Suppose t = -3*t + s - 81, 3*t - 4*s = -77. Let p = t + 27. Calculate the highest common divisor of o and p.
4
Let i(n) = 2*n + 5. Let y be i(5). Let a be 10/y*66/4. Calculate the greatest common factor of a and 77.
11
Suppose 0 = 7*i - 9*i + 50. What is the greatest common divisor of 10 and i?
5
Let p = -48 - 2. Let r be -17 + (-2)/4*0. Let h = r - p. What is the highest common divisor of h and 11?
11
Let g(j) = 9*j + 18. Let o be g(6). What is the greatest common divisor of o and 180?
36
Let j(r) = 23*r**2 + 3*r - 2. Let u be j(1). Calculate the highest common divisor of u and 264.
24
Suppose -3*c - 209 = -2*o, 2*o - 468 = -2*o - 4*c. What is the highest common factor of 14 and o?
14
Let y(x) be the third derivative of -x**5/60 - x**4/3 - 2*x**3/3 - 2*x**2. Let m be y(-5). What is the greatest common divisor of 99 and m?
11
Suppose 3*j - 6 - 33 = 0. What is the greatest common factor of j and 91?
13
Let k be (180/(-25))/(6/(-20)). Calculate the greatest common divisor of k and 8.
8
Suppose -2 = -3*x + 1. Calculate the highest common divisor of x and 5.
1
Let n be (-4 - (-65)/15)*(25 - -2). Suppose -2*c = w - 3*c - 16, 5*w + 2*c - 94 = 0. Calculate the greatest common factor of n and w.
9
Let q(s) = s**3 + s**2 - s + 3. Let r be q(5). Suppose 0 = -5*j + 3 + 2, 4*j = 4*y - r. Calculate the highest common divisor of 19 and y.
19
Let y be (-8)/10*(-22 + -8). Calculate the greatest common divisor of y and 72.
24
Let l = -42 + 50. Calculate the greatest common divisor of l and 56.
8
Let g = 769 + -345. What is the highest common factor of g and 53?
53
Let q = -3 - -1. Suppose 0 = 3*n + 3 + 6. Let u be -8*((-5)/q + n). Calculate the highest common divisor of 28 and u.
4
Let i be (-1)/((-3)/(-9)) + 19. What is the greatest common factor of 2 and i?
2
Let m = -13 - -22. Let q(r) = -80*r**3 + 2*r**2 - 1. Let w be q(-1). What is the greatest common divisor of m and w?
9
Suppose 20 + 0 = 5*u. Let o be (-6)/(-3)*(-3 + 4). Suppose 80 = 7*x - o*x. Calculate the highest common divisor of x and u.
4
Suppose 497 = -10*u + 2477. What is the greatest common divisor of u and 18?
18
Suppose -82 = -d - 4*t, 0 = -8*t + 3*t - 10. Calculate the greatest common divisor of d and 9.
9
Let b = 24 + -18. What is the greatest common factor of 30 and b?
6
Let g(t) = -63*t**3 - 2*t - 1. Let l be g(-1). Suppose n + l = -3*f - 3*n, -5*f - 118 = n. Let s = f - -38. Calculate the highest common divisor of 35 and s.
7
Let w be (-1 - 142/(-10))/((-2)/(-5)). Let j = -13 + 24. Calculate the greatest common divisor of w and j.
11
Suppose 2*q - 699 = -k - 4*k, 3*q - 1053 = -3*k. What is the highest common divisor of q and 32?
32
Let t(j) = j**2 + 3*j - 2. Let l be t(-2). Let r be (9/l)/((-3)/36). Let q be 12/1 + (4 - 7). What is the greatest common divisor of r and q?
9
Let k = 32 + 23. Let w(n) be the second derivative of n**5/20 - n**4/3 - 7*n**3/6 - 4*n**2 + 2*n. Let t be w(6). What is the highest common factor of t and k?
11
Suppose 91 = 4*x + w, 2*x - 2*w - 47 = -3*w. Calculate the greatest common divisor of 11 and x.
11
Let a(y) = y**3 + 4. Let m be a(0). Suppose -20 - 32 = 2*f + 2*p, -108 = m*f + 2*p. Let u = -8 - f. Calculate the greatest common divisor of 30 and u.
10
Suppose 2*a - 1 - 17 = 4*i, -3*a - 5*i = 17. Suppose 3*d = -0*d + 5*c + 23, 0 = c + 4. Calculate the greatest common factor of a and d.
1
Let d be 5290/253 - (-2)/22. Calculate the highest common factor of d and 168.
21
Suppose 3*q - 23 = -5*i, 5*q + 6 = i - 3*i. Let k(p) = -p**2 + 8*p + 2. Let y be k(i). 